2*d - 2943. Let g be q(27). Let f be (-1 - 0) + 17 + -7. What is the highest common factor of g and f?
9
Suppose -2*i - 304 = -2*f + 14, 4*f - 611 = -i. What is the greatest common factor of f and 1408?
22
Let s be 5*5/(50/32)*(5262 + -5261). Suppose -i + 4 = -48. What is the highest common divisor of i and s?
4
Let n be -3 + (-14031)/(-36) + 2/8. What is the highest common factor of n and 731?
43
Let n = 160 + -157. Suppose t - 2*t = 4, -n*f = 3*t - 213. Let s = 21 + 9. Calculate the highest common factor of s and f.
15
Let m = -94 - -114. Suppose 0 = m*a - 133 - 247. What is the greatest common factor of a and 304?
19
Suppose 4*s + 12 = 6*s. Let l = s - 5. Let v be (-7*(-1 + (-2 - -2)))/1. Calculate the highest common factor of v and l.
1
Suppose -4*q = 4*q + 1088. Let s = -104 - q. What is the greatest common factor of s and 32?
32
Suppose 4*q - 3*a - 107 = 118, 2*q + a = 105. Let c be (-114)/152 + (13/(-78))/((-4)/1746). What is the greatest common factor of q and c?
18
Suppose 2*z - 22726 = -4*k, -36*z + 34083 = -33*z + 3*k. Calculate the greatest common factor of 37 and z.
37
Suppose -9*h = 8*h + 2091. Let g = h + 112. Let n be (-4)/((-12)/(-9)) - (-38 - g). What is the highest common divisor of 84 and n?
12
Suppose -4*v = -8, 3*x + 1342 = -4*v - 279. Let m = x - -681. Calculate the greatest common divisor of 621 and m.
69
Let j(p) = 85*p**2 + 7*p - 2. Let h(r) = 339*r**2 + 23*r - 8. Let a(s) = -2*h(s) + 9*j(s). Let y be a(3). What is the highest common divisor of 13 and y?
13
Let p = -635261 - -635325. Let y(l) = l**3 + 2*l**2 - 1. Let s be y(1). What is the greatest common divisor of p and s?
2
Suppose -5*z = -324*k + 320*k - 351, k - 356 = -5*z. Suppose -3*h + 16 = 1. Suppose h*b - z + 11 = 0. What is the greatest common divisor of 6 and b?
6
Let o(x) = -29*x**3 + 2*x + 1. Let i be o(-1). Suppose 4*f - 6*f = -i. Let n = -24803 + 24824. Calculate the greatest common divisor of n and f.
7
Let a = 7900 + -7410. What is the highest common factor of a and 2?
2
Let t be 118*1 + (3 - 1). Suppose 38*l = 31*l - 4*k + 2128, l + 6*k = 228. What is the highest common divisor of t and l?
24
Suppose -1214617 = -68*m - 380852 + 1821567. Calculate the highest common divisor of 17 and m.
17
Let n be (3 + -4 + 0)*(-5)/1. Let o be 399/(-77) + n + 4952/11. Calculate the highest common divisor of 50 and o.
50
Let m = 33985 + -33973. What is the highest common factor of 25932 and m?
12
Let i(y) = -20*y + 2. Suppose -31 + 53 = -11*k. Let t be i(k). Calculate the highest common divisor of t and 98.
14
Let x be (-14394)/(-36) + -4 + (-450)/(-108). Calculate the greatest common factor of x and 48.
16
Let r be -2308*1*57/(-228). Let m = -522 + r. Suppose -4*y = -2*y - 22. What is the highest common factor of m and y?
11
Let n be 4 - (6 + 6)/(-3). Suppose 0 = n*y + 10*y - 4320. What is the greatest common factor of y and 16?
16
Suppose -2*g + 5*i - 276 = 0, -37*g + 42*g + 663 = -i. Let q = g - -140. What is the highest common factor of 441 and q?
7
Let r(w) = -14*w + 36. Let a be r(0). Suppose -2*b + 3*z = -a, -12*z - 64 = -4*b - 10*z. What is the greatest common divisor of 285 and b?
15
Suppose m - 331 = -136. What is the greatest common divisor of 17550 and m?
195
Suppose 0 = -17*b - 24 + 111 + 83. What is the greatest common divisor of b and 490?
10
Let b be 399/(-42) - 5/(-2). Let n = b + 35. Suppose 2*r = -4*r + 252. Calculate the greatest common divisor of n and r.
14
Suppose -3*z = 2*u - 77276, -2*u + 20768 = -2*z + 72272. What is the greatest common factor of z and 188?
188
Let d = 34 - 18. Suppose 5*f = 5*p + 69 - 19, 4*p = 2*f - 16. Suppose f = -262*w + 268*w. Calculate the highest common divisor of d and w.
2
Let j(w) = 4*w**3 + 2*w**2 + 2*w - 4. Let g be j(3). Let a(q) = -q**2 - 4476*q + 53904. Let u be a(12). What is the greatest common factor of u and g?
16
Let u = -43 + 28. Let g be (460/u)/((-6)/9). Calculate the greatest common divisor of g and 23.
23
Let l = 1282 - 1275. Let q(f) = -2*f + 3*f + 5*f - 27. Let x be q(l). What is the highest common factor of 60 and x?
15
Suppose 450 = 27*l - 22*l. Suppose 2*r - 3 = 7. Suppose -3*x - l = -r*o + x, -o + 27 = x. What is the highest common divisor of o and 44?
22
Let w = -4 - -4. Suppose 5*g + j - 715 = 5*j, w = -2*j. Let b(r) = 11*r + 222. Let u be b(-19). What is the greatest common factor of g and u?
13
Let r be ((-35)/21 - -2) + 140/3. Let v be (98/8)/(r/188). Calculate the highest common factor of 7 and v.
7
Suppose 0 = 3*w + 3 + 12, -4*d + w = -13. Suppose p - 43 - d = 0. What is the highest common factor of 315 and p?
45
Suppose -73 = 2*h - 145. What is the greatest common factor of 6948 and h?
36
Let v(q) = -22*q - 141. Let r be v(-8). Suppose -r*s = 9*s - 924. What is the highest common factor of s and 210?
21
Let b = -8 - 4. Let u = b - -32. Let j = 29 - u. What is the highest common factor of 9 and j?
9
Suppose 41*m - 17064 = -16736. What is the highest common divisor of m and 34?
2
Let x = -10396 + 10484. Let v(d) = -d**3 + 3*d**2 + 4*d + 4. Let h be v(6). Let r = x + h. Calculate the highest common divisor of r and 8.
8
Suppose -238 = -6*o - 208. Let b be 449 + o + (1 - 7). Calculate the highest common factor of b and 28.
28
Let z(f) = -f**2 - 6*f + 4. Let x be z(-5). Suppose 0 = 9*m - 7 - 11. Suppose 630 = m*o + 8*o. What is the highest common factor of o and x?
9
Suppose 5*j - 13 = s, -19*j + 14*j + 15 = 0. Suppose s*f - 58 = -4*i, -i + 2 = -4*f + 82. Calculate the highest common factor of 903 and f.
21
Let g = -191 + 396. What is the highest common factor of 1394 and g?
41
Let f(h) be the second derivative of -1/2*h**3 + 0 - 1/3*h**4 + 2*h**2 + 3/20*h**5 + 26*h. Let l be f(4). Calculate the greatest common factor of 15 and l.
15
Suppose 4*l = n - 176, -977 + 78 = -5*n + l. Let d be ((-4)/(-4) - 3) + 20. What is the highest common factor of d and n?
18
Let f = -3 - -23. Suppose 0 = -5*a + 15, -148*a + 143*a - 885 = -5*m. What is the greatest common divisor of m and f?
20
Let p be (2/56*8)/((-61)/(-5551)). Let a = 248 + -144. What is the greatest common divisor of a and p?
26
Let t be (24/16)/(3/44). Suppose -19 + t = 3*h. Suppose -5*c + c = -2*g - 34, 21 = 2*c - 5*g. Calculate the highest common divisor of h and c.
1
Suppose v + v = -5*w + 474, -5*v = 2*w - 1143. Suppose 15*u - 3148 = v. What is the highest common factor of 15 and u?
15
Let g be ((-8)/(-7))/((-80)/(-173320)). Let k = g + -1630. What is the highest common factor of 18 and k?
18
Suppose 3*z - u = 4*u + 3, 0 = 2*u. Suppose -2*y - 5 = -7*y. What is the greatest common divisor of z and y?
1
Let m(u) = -2*u**3 - 12*u**2 + 4*u + 55. Let d be m(-8). Suppose 4*f - k - d = 0, -f - 8*k = -7*k - 71. What is the greatest common divisor of 42 and f?
14
Let x(o) = 4*o**2 + 365*o - 272. Let t be x(-92). Calculate the highest common factor of 1132 and t.
4
Suppose 0 = -85*p + 4172 + 24811 + 7567. What is the highest common factor of p and 80?
10
Let j(c) = 2*c**3 + 17*c**2 - 11*c - 12. Let i be j(-9). Suppose 0 = -i*m - 19*m + 10000. Calculate the highest common divisor of 25 and m.
25
Let z(a) = a**2 + 6 + 2*a**2 + 1 - 6*a - 4*a**2. Let n be z(-5). What is the highest common factor of n and 264?
12
Let j be (-28)/(-966)*23*(0 + 2 + 70). What is the highest common factor of j and 276?
12
Let b be (57/(-2))/(32/(-704)) + 2/2. Calculate the highest common divisor of b and 3611.
157
Let y = 33609 + -29053. Calculate the highest common factor of y and 272.
68
Let c = -154 + 283. Let t = 74 + c. What is the highest common factor of t and 7?
7
Let n = -45558 + 45845. What is the greatest common factor of n and 1681?
41
Let y(m) = -2*m**2 - 33*m + 30. Let k be y(-17). Suppose 0 = -k*x + 1433 + 205. Calculate the greatest common divisor of x and 36.
18
Let z = 10530 + -10060. Calculate the greatest common divisor of 290 and z.
10
Suppose -2*a = 4*l - 946, -5*l + 3*l + 479 = -a. Suppose 4*r + 11 = -1, 0 = -4*w - 2*r + l. What is the highest common factor of w and 976?
61
Suppose 0 = 5357*k - 5346*k - 22. Let j be 940/(-282)*k*1*-3. Let u = -7 - -47. What is the greatest common factor of j and u?
20
Suppose 0 = -303*k + 593*k - 301*k + 33. Calculate the highest common divisor of 6 and k.
3
Let j be -13 - (-14 - (16 - -685)). What is the grea